 digit of 1966255?
5
What is the tens digit of 30696972?
7
What is the tens digit of 6629460?
6
What is the tens digit of 153384?
8
What is the thousands digit of 388579?
8
What is the units digit of 2383091?
1
What is the thousands digit of 104009?
4
What is the hundred thousands digit of 172883?
1
What is the ten thousands digit of 1189917?
8
What is the thousands digit of 6807509?
7
What is the thousands digit of 270670?
0
What is the hundreds digit of 3782188?
1
What is the ten thousands digit of 1239706?
3
What is the tens digit of 174475?
7
What is the ten thousands digit of 67054?
6
What is the ten thousands digit of 89144?
8
What is the hundred thousands digit of 1240848?
2
What is the tens digit of 273548?
4
What is the units digit of 3671011?
1
What is the hundreds digit of 1520543?
5
What is the thousands digit of 623914?
3
What is the units digit of 65603?
3
What is the units digit of 164131?
1
What is the hundreds digit of 418867?
8
What is the units digit of 2346701?
1
What is the units digit of 5041120?
0
What is the tens digit of 6267754?
5
What is the ten thousands digit of 267748?
6
What is the ten thousands digit of 168228?
6
What is the ten thousands digit of 1684176?
8
What is the hundreds digit of 4118212?
2
What is the units digit of 6214475?
5
What is the hundreds digit of 449824?
8
What is the hundreds digit of 24612?
6
What is the tens digit of 80882?
8
What is the hundreds digit of 48220?
2
What is the units digit of 562771?
1
What is the units digit of 293540?
0
What is the tens digit of 2803451?
5
What is the units digit of 864810?
0
What is the ten thousands digit of 6375861?
7
What is the thousands digit of 1046308?
6
What is the units digit of 1135235?
5
What is the units digit of 133674?
4
What is the hundreds digit of 7380489?
4
What is the hundred thousands digit of 1809732?
8
What is the units digit of 10542582?
2
What is the ten thousands digit of 640291?
4
What is the tens digit of 1617314?
1
What is the hundred thousands digit of 2432657?
4
What is the ten thousands digit of 180262?
8
What is the tens digit of 6256648?
4
What is the units digit of 10656799?
9
What is the hundreds digit of 10971243?
2
What is the hundreds digit of 2495687?
6
What is the units digit of 116710?
0
What is the hundred thousands digit of 6026274?
0
What is the hundred thousands digit of 484522?
4
What is the units digit of 2845771?
1
What is the hundred thousands digit of 427359?
4
What is the units digit of 321886?
6
What is the units digit of 3195292?
2
What is the millions digit of 29431009?
9
What is the thousands digit of 3772041?
2
What is the tens digit of 2739155?
5
What is the units digit of 4724074?
4
What is the hundreds digit of 246170?
1
What is the ten thousands digit of 939120?
3
What is the tens digit of 2194325?
2
What is the hundreds digit of 63315?
3
What is the units digit of 1868713?
3
What is the hundreds digit of 8580501?
5
What is the ten thousands digit of 7010887?
1
What is the hundreds digit of 7809552?
5
What is the millions digit of 3631459?
3
What is the millions digit of 2441029?
2
What is the tens digit of 16474972?
7
What is the tens digit of 135199?
9
What is the hundreds digit of 2142881?
8
What is the units digit of 69370?
0
What is the ten thousands digit of 161465?
6
What is the hundred thousands digit of 785054?
7
What is the hundreds digit of 800036?
0
What is the thousands digit of 6973333?
3
What is the units digit of 6150169?
9
What is the tens digit of 5221961?
6
What is the millions digit of 2570688?
2
What is the thousands digit of 491795?
1
What is the hundred thousands digit of 3049527?
0
What is the units digit of 290887?
7
What is the units digit of 2135467?
7
What is the hundreds digit of 185614?
6
What is the units digit of 704721?
1
What is the units digit of 882432?
2
What is the units digit of 58316?
6
What is the hundred thousands digit of 8742490?
7
What is the hundreds digit of 316608?
6
What is the ten thousands digit of 171767?
7
What is the hundred thousands digit of 211478?
2
What is the hundred thousands digit of 18213121?
2
What is the thousands digit of 200467?
0
What is the millions digit of 1583105?
1
What is the tens digit of 3220373?
7
What is the ten thousands digit of 114532?
1
What is the units digit of 564585?
5
What is the millions digit of 19863356?
9
What is the hundred thousands digit of 436670?
4
What is the ten thousands digit of 29530870?
3
What is the hundred thousands digit of 153054?
1
What is the tens digit of 427484?
8
What is the units digit of 80437?
7
What is the millions digit of 12110470?
2
What is the hundred thousands digit of 871152?
8
What is the ten thousands digit of 2759738?
5
What is the units digit of 487197?
7
What is the ten thousands digit of 93083?
9
What is the units digit of 292545?
5
What is the units digit of 32862390?
0
What is the thousands digit of 252301?
2
What is the tens digit of 243409?
0
What is the units digit of 4902493?
3
What is the hundred thousands digit of 530021?
5
What is the ten thousands digit of 164317?
6
What is the tens digit of 2411735?
3
What is the tens digit of 1817595?
9
What is the tens digit of 30987440?
4
What is the ten thousands digit of 619424?
1
What is the units digit of 80603?
3
What is the ten thousands digit of 516455?
1
What is the tens digit of 850771?
7
What is the thousands digit of 3450197?
0
What is the hundreds digit of 351849?
8
What is the units digit of 668124?
4
What is the tens digit of 21762316?
1
What is the ten thousands digit of 693114?
9
What is the thousands digit of 177556?
7
What is the hundreds digit of 101208?
2
What is the thousands digit of 1965140?
5
What is the units digit of 994018?
8
What is the units digit of 33675?
5
What is the ten thousands digit of 550915?
5
What is the thousands digit of 998243?
8
What is the millions digit of 1139337?
1
What is the tens digit of 343172?
7
What is the units digit of 7178872?
2
What is the units digit of 1656474?
4
What is the millions digit of 14594843?
4
What is the hundred thousands digit of 33466242?
4
What is the units digit of 351436?
6
What is the millions digit of 13829299?
3
What is the thousands digit of 11795472?
5
What is the millions digit of 1178300?
1
What is the units digit of 213238?
8
What is the ten thousands digit of 44304?
4
What is the tens digit of 731677?
7
What is the hundred thousands digit of 4208792?
2
What is the hundreds digit of 28234850?
8
What is the ten thousands digit of 5675583?
7
What is the tens digit of 4594517?
1
What is the hundreds digit of 208779?
7
What is the hundreds digit of 1018625?
6
What is the tens digit of 8300199?
9
What is the hundred thousands digit of 15959003?
9
What is the hundreds digit of 3556687?
6
What is the units digit of 48943?
3
What is the tens digit of 129806?
0
What is the hundred thousands digit of 1535856?
5
What is the ten thousands digit of 227233?
2
What is the ten thousands digit of 7776101?
7
What is the units digit of 405814?
4
What is the units digit of 589072?
2
What is the hundred thousands digit of 6939595?
9
What is the ten thousands digit of 2452078?
5
What is the ten thousands digit of 10692131?
9
What is the ten thousands digit of 320262?
2
What is the thousands digit of 54756?
4
What is the ten thousands digit of 27068231?
6
What is the thousands digit of 6793?
6
What is the units digit of 2653094?
4
What is the hundreds digit of 14868358?
3
What is the ten thousands digit of 10823147?
2
What is the ten thousands digit of 14137383?
3
What is the thousands digit of 1410906?
0
What is the hundreds digit of 30649?
6
What is the tens digit of 493633?
3
What is the units digit of 371226?
6
What is the hundreds digit of 22015970?
9
What is the thousands digit of 583263?
3
What is the ten thousands digit of 4274449?
7
What is the units digit of 65524?
4
What is the millions digit of 5479063?
5
What is the millions digit of 9702483?
9
What is the hundred thousands digit of 181071?
1
What is the hundreds digit of 272416?
4
What is the ten millions digit of 16460421?
1
What is the ten thousands digit of 6453969?
5
What is the ten thousands digit of 2045565?
4
What is the ten thousands digit of 186744?
8
What is the ten thousands digit of 3